 + 7*n**2/2 + n + 1. Let u(v) = -v**2 + 12*v - 17. Suppose 0*p - 11 = -p. Let i be u(p). Calculate s(i).
-5
Let m(k) = -k**2 + 8*k + 3. Let g be 2*(-10)/(-4) - (-3 + 1). Give m(g).
10
Let k(s) = -s**3 + s + 2. Let n = 3 - 0. Suppose 4*o + 6 = 2*o + r, -n*r = -6. Give k(o).
8
Let g(n) = -n**2 + 2*n + 2. Let o(y) = -2*y**3 + 3*y**2 - y - 1. Let m be o(1). Let s be (1 - m)/((-1)/1). What is g(s)?
-6
Let o(u) be the second derivative of u**5/20 - u**4/12 - 2*u**2 + 2*u - 135. Let s(i) = -i**3 + 5*i**2 + 6*i + 3. Let v be s(6). Give o(v).
14
Let s = 22 + -18. Suppose 6 = -2*b - 3*q - q, 18 = 2*b - s*q. Let r(d) = -d**3 + d**2 + 2*d + 4. Calculate r(b).
-8
Let d be 3 + (18/4 - (-13)/(-26)). Let z(s) = s + 6. What is z(d)?
13
Let j(q) = 7*q**2 + q + 7. Let l(v) = -15*v**2 - 3*v - 14. Let i(b) = -13*j(b) - 6*l(b). Suppose 2*c + 6 = 2*y, 2*c + 1 = 3. Suppose y = 4*o - 16. What is i(o)?
-7
Let z(o) = -o**2 + 2*o + 3. Let x be ((-87)/58)/(6/8). Determine z(x).
-5
Let c(v) = v**3 + 5*v**2 - v. Let g be 6*((-42)/(-36) + -2). Calculate c(g).
5
Let b(y) = 2*y + 8. Suppose -851*n + 8 = -853*n. Determine b(n).
0
Let u(z) be the second derivative of -3*z**2 + 6*z + 0*z**3 + 0 + 1/12*z**4. What is u(0)?
-6
Let a(b) = -5*b**2 - b + 23. Let h(w) = 4*w**2 + 2*w - 18. Let j(s) = -3*a(s) - 4*h(s). Suppose 0*o + 2*g + 3 = -3*o, 2*o - 2*g + 12 = 0. Calculate j(o).
9
Let a be (-8)/16 - (-13)/2. Let s(m) = 5 + m**2 - 4*m - a - 3*m. What is s(7)?
-1
Let y(t) = 2*t**3 - 2*t**2 + t - 2. Let p = 53 + -56. Let v(o) = 5*o**3 - 3*o**2 + 2*o - 3. Let j(h) = p*v(h) + 5*y(h). What is j(-1)?
4
Let i(b) = -2*b**2 - 7 - 3*b + 2*b**2 - 6*b + 0 + b**2. Give i(10).
3
Let q(i) be the second derivative of -i**4/12 + i**3/2 - i**2/2 - 113*i. Calculate q(2).
1
Let t be (-2)/4 - (-75)/6. Let c be (9/t)/((-9)/(-12)). Let f(w) = -7*w**3 - w**2 + w. Give f(c).
-7
Let n(m) = 2*m - 10. Let k be n(5). Suppose k = 4*h - 3 - 17. Suppose -4*c = -h*a + 23, -a - 2*a = 3. Let x(p) = p + 5. Determine x(c).
-2
Suppose 0*f - 4 = -4*f. Let i(n) = 7*n**2 + 5*n**2 - 16*n - 9*n**2 + f. Let c(o) = o**2 - 8*o. Let k(g) = -5*c(g) + 2*i(g). What is k(-6)?
-10
Let r(x) = 7*x**2 + 2*x - 1. Let a be (189/12)/9*4. Let b(u) = -8*u**2 - 3*u. Let n(m) = a*r(m) + 6*b(m). What is n(5)?
-2
Let u(l) = -l - 7. Let a(q) = -5*q - 36. Let f(h) = -4*a(h) + 22*u(h). Let x(j) = -j**3 - 6*j**2 + 7*j - 7. Let i be x(-7). Determine f(i).
4
Let j(n) = -4*n - 170*n**2 - 3 + 6*n - n**3 + 173*n**2 + 0*n**3. Suppose -1 = -4*m + 3*d + 8, 5*m - 11 = 4*d. Suppose b + m = -p + 9, b - 3 = 0. Determine j(p).
3
Let l(y) = -4*y**2 + 3*y - 4. Let d(u) = -u**2 + u - 1. Let t(s) = -9*d(s) + 2*l(s). What is t(4)?
5
Let d = -18 + 22. Suppose 23*m = 27*m + d. Let z(b) = 10. Let i(n) = -n - 1. Let a(l) = m*z(l) - 10*i(l). Calculate a(-1).
-10
Suppose 31*s + 6 = 32*s. Let q(r) = -9 - 10*r + r**2 - 5*r + 0*r + s*r. Give q(10).
1
Let j = -757 + 758. Let y(d) = -36*d - 1. What is y(j)?
-37
Suppose 8*l = 5*l - 6. Let r(z) = 3*z**3 - 9 + 9 - 2 + 2*z + 4*z**2. Calculate r(l).
-14
Suppose -117*r - 728 = -13*r. Let x(b) = b**3 + 9*b**2 + 9*b - 7. Determine x(r).
28
Let z(p) = 5*p - 3. Let a(o) = -o. Let s(g) = 4*a(g) + z(g). Let i = 3 - 1. Let k be 1 + (3 + i - 3). What is s(k)?
0
Let q(k) = 2*k - 1. Let s = -33 - -29. Let d be 30/27*-3 + s/(-12). Calculate q(d).
-7
Let x(j) = 9*j + 14*j**2 - j**3 - 11*j**2 - j - 5 + 2*j**2 - 4. Let f be (-1 - 0)*(-1 - -1). Let i be (5 + 1 + f)/1. Give x(i).
3
Suppose -24*c - 41 = 103. Let w(d) = d**3 + 7*d**2 + 5*d - 4. Determine w(c).
2
Let q(w) = 481*w - 969*w + 1 + 489*w. Calculate q(-4).
-3
Let x be (28 - 28)/(3 - 1) - -4. Let k(z) = -z**3 + 6*z**2 - 3*z + 1. Give k(x).
21
Suppose -2*c = 2*c - 192. Let u be (-4 + 9)/(15/144). Let m(p) = p**2 + c*p - u*p. Give m(-1).
1
Let v be (((-732)/(-1800))/61)/(8/10). Let k(p) be the third derivative of 0 - v*p**6 + 5/24*p**4 - 1/20*p**5 + 2/3*p**3 - 10*p**2 + 0*p. Give k(-4).
0
Let c be 4/18 - (-75)/27. Let m(b) = -b**2 + 3*b + 2. Let z be m(c). Let s(f) = 1 - 2*f**2 - 2*f**2 + 5*f**2 - 2 + z*f. Give s(-3).
2
Let w be 2/9 - 4/18. Let k be (-20)/28 + 2/(-7) - -4. Suppose 2*x + 8 = 4*h - w, 0 = -x + k*h - 6. Let i(r) = r - 7. What is i(x)?
-7
Let b(n) = 4*n - 19. Let g(w) = 7*w - 35. Let s(f) = 5*b(f) - 3*g(f). What is s(14)?
-4
Let g(r) be the second derivative of r**4/2 + r**3/6 + r**2/2 + 391*r. Let t(w) = w**2 + 8*w - 10. Let b be t(-9). Let p = -2 - b. Give g(p).
6
Let m(u) = -u**2 + 8*u + 6. Let g(d) = d + 1. Let i(f) = 5*g(f) - m(f). Suppose -32 = -8*t - 16. Let x be 45/9 - 1*t. What is i(x)?
-1
Let q(x) = 8*x**2 + x**3 + 5*x - x + 4 + 2. Let a(r) = r**2 + r - 1. Let y(t) = -2*a(t) + q(t). Calculate y(-6).
-4
Let h(f) = 8*f**3 - 2*f + 1. Let g(x) = x**3 + 5*x**2 - 6*x + 5. Let b be g(-6). Suppose -b*k + k = -2*v + 6, v - 2 = 3*k. Calculate h(k).
7
Let o(m) = m**3 - 3*m**2 - 2*m - 4. Let l(n) = -2*n + 25. Let i be l(5). Suppose i*z - 47 = 13. Calculate o(z).
4
Let j(v) = -6*v + 24. Let d be j(5). Let w(q) = 3*q - 1. Determine w(d).
-19
Let d(w) = 2*w + 3. Let p be (1 - 1 - 0) + -2. Let z be (p/4)/(9/(-234)). Suppose -1 = -4*j - z. Calculate d(j).
-3
Suppose -3*v + 5*s = 9, -v - 10 = -5*s + 3. Let t(x) be the second derivative of -3*x**v + 1/6*x**3 + 3*x + 0. Give t(6).
0
Let c(u) = u**3 + u**2 - u - 5. Suppose 184 + 54 = -2*f + 4*m, 3*f + 4*m = -337. Let g = 115 + f. Determine c(g).
-5
Let b(h) = h**3 - 6*h**2 - 8*h + 3. Let q be b(5). Let x = 66 + q. Let a(r) be the third derivative of r**5/60 - r**4/8 - r**3/6 + r**2. Determine a(x).
3
Let z(q) = -q**3 - 3*q**2 - 2*q - 3. Suppose 0 = 4*a, -4*f + a - 10 + 2 = 0. What is z(f)?
-3
Let r(b) = 5*b - b**3 - 2*b**2 + 7*b**2 + b - 4. Let q be 690/276*(-12)/(-5). Calculate r(q).
-4
Let y(v) = 2*v - 8. Let a = -29 + 32. Suppose 4*q + a = q, 0 = -5*h - q + 24. Suppose h*x - 30 = -0*x. Determine y(x).
4
Let c(b) = -b**2 + b. Let u(g) = -2*g**2 + 1. Let s(l) = 5*c(l) - 2*u(l). What is s(5)?
-2
Suppose -16 = 4*y + 8. Let c(n) = n**2 + 4*n - 8. Let p be c(y). Let j(h) be the second derivative of -h**4/12 + h**3/2 + 5*h**2/2 + 808*h. Calculate j(p).
1
Let v(s) be the third derivative of -s**6/120 + 4*s**5/15 - 5*s**4/8 + 5*s**3/6 - 2*s**2 + 126*s. What is v(15)?
5
Let i(w) = 4*w - 1. Let v(n) = -4*n + 1. Let b(u) = -3*i(u) - 2*v(u). Let t be b(1). Let a(k) = 3 + 2*k**2 + 2*k**2 + k + k**3 - 6. Determine a(t).
3
Suppose -2*l - 34 = 5*j - 0*l, -8 = 4*l. Suppose 10*o = 5*o + 15. Let t(r) = o*r - 4*r**2 - 4 - 11*r - 5 + 3*r**2. Give t(j).
3
Let f(o) = 7*o**3 - 2*o**2 + 2*o - 1. Suppose 5*d + 2 = 92. Let p = d - 0. Let w = p - 17. Give f(w).
6
Let n(f) = -25*f**3 + 42*f**2 - 20*f + 24. Let o(p) = -9*p**3 + 14*p**2 - 6*p + 8. Let t(x) = -4*n(x) + 11*o(x). Determine t(13).
5
Let c(h) be the second derivative of h**4/12 + h**3/3 + 63*h + 2. Give c(-3).
3
Let r(c) = c + 8*c**2 + 16 - 6*c + 3*c**3 - 3*c - 5*c**3 + 3*c**3. What is r(-9)?
7
Let o = -99 + 102. Let a(m) = 9*m - 4. Let c(t) = -5*t + 2. Let d(x) = -6*a(x) - 10*c(x). Calculate d(o).
-8
Let z(k) = 7*k**3 - 6*k - 3*k - 16*k + 41 - 6*k**3 - 22*k**2. Calculate z(23).
-5
Let m(k) = 6*k**3 + k**2 - k - 1. Let r be 2/(-3)*153/(-34). Let a(w) = -3*w + 8. Let s be a(r). Calculate m(s).
-5
Let r(l) = -l**2 + l + 4. Let p(z) = 2*z**2 - 11*z + 33. Let c(o) = -3*o**2 + 11*o - 34. Let w(s) = 3*c(s) + 4*p(s). Let d be w(-13). Give r(d).
-8
Let o be -22 + 20 - 24/(-2). Let a(u) = u**3 - 9*u**2 - 10*u + 9. What is a(o)?
9
Let v(p) = 20*p**2 - 38*p - 11. Let m(b) = -7*b**2 + 13*b + 4. Let k(a) = 17*m(a) + 6*v(a). Let y be (-8)/14 + 2898/441. What is k(y)?
-4
Let h = 10 + -18. Let c(s) = -6*s**3 - 4*s**2 - 14*s. Let p(g) = -739*g**2 + 740*g**2 + 5*g + 3*g**3 - g**3. Let k(b) = h*p(b) - 3*c(b). Give k(-2).
-4
Let b(u) = -2*u**2 + 18*u + 1. Let d(z) = 3*z**2 - 36*z - 3. Let o(q) = 7*b(q) + 4*d(q). Let f be o(-9). Let x(g) = g - 1. Give x(f).
-6
Let s(d) = -5 + d - 3 + 3 + d + 3. Calculate s(3).
4
Suppose 5*z = -c + 1, -2*c - 2*z - 7 + 1 = 0. Let u(h) = -3*h**2 - 13*h - 9. Determine u(c).
-5
Suppose 3*i - 2*i - 2 = -2*f, 18 = -5*i - 3*f. Let p(x) be the first derivative of 1/2*x**2 - 2 - 3*x. What is p(i)?
-9
Let x = 3 - 25. Let m be (2 + 4)*x/33. Let g(y) = y - 1. Calculate g(m).
-5
Let x(v) = v**3 - 2*v**2 - 4